ltiple of 10?
False
Is 8 a factor of 23304?
True
Is 2060 a multiple of 103?
True
Is 91 a factor of 2366?
True
Does 5 divide 6535?
True
Is 48 a factor of 960?
True
Is 35 a factor of 2060?
False
Is 5431 a multiple of 21?
False
Does 15 divide 285?
True
Is 106 a factor of 742?
True
Does 41 divide 56377?
False
Is 11 a factor of 47201?
True
Is 380 a multiple of 25?
False
Is 4465 a multiple of 19?
True
Does 41 divide 1085?
False
Is 225 a multiple of 5?
True
Is 92 a factor of 1786?
False
Is 4702 a multiple of 8?
False
Is 11 a factor of 704?
True
Is 4 a factor of 469?
False
Is 23 a factor of 828?
True
Does 26 divide 1014?
True
Does 45 divide 46927?
False
Is 107046 a multiple of 18?
True
Does 8 divide 995?
False
Is 354 a multiple of 177?
True
Is 1123 a multiple of 18?
False
Does 44 divide 3564?
True
Does 143 divide 1564?
False
Does 37 divide 11618?
True
Is 38 a factor of 570?
True
Is 123797 a multiple of 71?
False
Does 223 divide 20287?
False
Does 13 divide 5304?
True
Is 16504 a multiple of 8?
True
Is 29 a factor of 1160?
True
Is 2001 a multiple of 3?
True
Is 252 a multiple of 42?
True
Is 14 a factor of 1165?
False
Is 1056 a multiple of 12?
True
Is 3 a factor of 130?
False
Does 11 divide 118734?
True
Is 2021 a multiple of 5?
False
Is 181 a factor of 29684?
True
Does 62 divide 2234?
False
Is 87 a factor of 783?
True
Is 17 a factor of 13782?
False
Is 6329 a multiple of 64?
False
Is 19 a factor of 30609?
True
Does 15 divide 837?
False
Is 25 a factor of 8324?
False
Does 16 divide 1089?
False
Is 15 a factor of 10650?
True
Is 9510 a multiple of 15?
True
Is 77 a factor of 377?
False
Is 123624 a multiple of 303?
True
Does 11 divide 1796?
False
Does 26 divide 13988?
True
Is 14 a factor of 252?
True
Does 22 divide 8244?
False
Is 102 a multiple of 3?
True
Is 30 a multiple of 10?
True
Does 6 divide 894?
True
Is 12 a factor of 3210?
False
Does 8 divide 89?
False
Is 415 a multiple of 5?
True
Is 1000 a multiple of 40?
True
Is 192 a multiple of 48?
True
Is 7 a factor of 546?
True
Does 18 divide 1386?
True
Is 27048 a multiple of 24?
True
Does 21 divide 4242?
True
Is 9 a factor of 936?
True
Is 13 a factor of 429?
True
Does 82 divide 502?
False
Is 2 a factor of 422?
True
Is 26 a factor of 3941?
False
Is 6272 a multiple of 20?
False
Does 8 divide 44362?
False
Does 56 divide 1064?
True
Is 188 a factor of 2444?
True
Does 128 divide 4992?
True
Is 17763 a multiple of 162?
False
Does 20 divide 1480?
True
Is 60 a factor of 4560?
True
Is 2655 a multiple of 15?
True
Is 2964 a multiple of 19?
True
Is 102 a factor of 6936?
True
Is 11388 a multiple of 13?
True
Is 601 a multiple of 7?
False
Does 30 divide 51900?
True
Is 73 a factor of 2332?
False
Is 7 a factor of 1341?
False
Does 25 divide 2900?
True
Is 7380 a multiple of 41?
True
Is 12 a factor of 2112?
True
Is 3 a factor of 380?
False
Is 80098 a multiple of 147?
False
Is 55131 a multiple of 141?
True
Is 1027 a multiple of 13?
True
Is 54 a multiple of 9?
True
Does 6 divide 283?
False
Does 15 divide 150?
True
Is 6708 a multiple of 258?
True
Is 8027 a multiple of 17?
False
Does 62 divide 55118?
True
Is 32 a factor of 5438?
False
Is 49 a factor of 98?
True
Is 10 a factor of 1490?
True
Is 2 a factor of 15?
False
Is 122 a multiple of 8?
False
Does 287 divide 130435?
False
Does 44 divide 11945?
False
Is 15 a factor of 795?
True
Is 7 a factor of 1197?
True
Is 2268 a multiple of 6?
True
Is 3570 a multiple of 17?
True
Does 9 divide 1182?
False
Does 69 divide 552?
True
Is 80 a factor of 4720?
True
Is 36209 a multiple of 29?
False
Is 12 a factor of 10212?
True
Does 11 divide 263?
False
Does 49 divide 2104?
False
Does 29 divide 2030?
True
Is 912 a multiple of 48?
True
Is 52 a factor of 1352?
True
Does 2 divide 2602?
True
Is 165 a factor of 23702?
False
Does 17 divide 2380?
True
Does 2 divide 337?
False
Does 83 divide 22161?
True
Is 5 a factor of 836?
False
Does 32 divide 191?
False
Does 12 divide 1737?
False
Is 10 a factor of 657?
False
Is 28 a factor of 171696?
True
Is 5281 a multiple of 3?
False
Is 173 a factor of 3287?
True
Is 18379 a multiple of 140?
False
Does 17 divide 24770?
False
Is 10 a factor of 60?
True
Does 21 divide 46182?
False
Is 87 a factor of 2379?
False
Is 1392 a multiple of 11?
False
Does 13 divide 4628?
True
Is 748 a multiple of 34?
True
Is 75 a factor of 1619?
False
Does 123 divide 67327?
False
Is 41 a factor of 22834?
False
Does 12 divide 112896?
True
Does 37 divide 518?
True
Is 17 a factor of 1160?
False
Does 4 divide 10894?
False
Is 333 a multiple of 2?
False
Is 354 a multiple of 59?
True
Does 19 divide 187?
False
Does 4 divide 1304?
True
Does 6 divide 288?
True
Is 3 a factor of 3399?
True
Is 16434 a multiple of 18?
True
Does 4 divide 225?
False
Is 42 a multiple of 3?
True
Is 3 a factor of 834?
True
Is 2 a factor of 599?
False
Does 6 divide 714?
True
Is 2970 a multiple of 18?
True
Is 60983 a multiple of 13?
True
Is 277 a factor of 6544?
False
Does 10 divide 16612?
False
Is 250 a factor of 40740?
False
Is 129 a multiple of 43?
True
Is 21 a factor of 1387?
False
Is 28 a factor of 112?
True
Is 401 even?
False
Is 14952 a multiple of 12?
True
Does 143 divide 23265?
False
Is 121500 a multiple of 300?
True
Is 22 a factor of 4224?
True
Is 288 a multiple of 9?
True
Is 18 a factor of 1188?
True
Is 3311 a multiple of 8?
False
Is 11 a factor of 5158?
False
Does 85 divide 2890?
True
Is 6 a factor of 296?
False
Is 14141 a multiple of 16?
False
Does 50 divide 323?
False
Is 5 a factor of 350?
True
Is 45 a factor of 765?
True
Is 756 a multiple of 12?
True
Is 16553 a multiple of 12?
False
Is 14 a factor of 5351?
False
Is 9 a factor of 1683?
True
Is 30957 a multiple of 37?
False
Is 32 a factor of 110909?
False
Is 3 a factor of 392?
False
Does 11 divide 18458?
True
Is 7894 a multiple of 85?
False
Is 248 a multiple of 31?
True
Does 5 divide 300?
True
Does 15 divide 930?
True
Does 32 divide 24064?
True
Is 446 a multiple of 33?
False
Does 26 divide 23136?
False
Does 6 divide 280?
False
Does 60 divide 1800?
True
Is 414 a multiple of 70?
False
Is 61 a factor of 122?
True
Does 26 divide 3172?
True
Is 27 a multiple of 6?
False
Is 662 a multiple of 9?
False
Is 23 a factor of 4738?
True
Is 21744 a multiple of 17?
False
Is 12039 a multiple of 101?
False
Does 91 divide 19748?
False
Is 783 a multiple of 18?
False
Is 21 a factor of 669?
False
Is 26 a factor of 32461?
False
Is 1054 a multiple of 31?
True
Does 17 divide 3269?
False
Is 7623 a multiple of 92?
False
Does 3 divide 5144?
False
Is 12650 a multiple of 20?
False
Is 6 a factor of 452?
False
Is 7 a factor of 162?
False
Does 188 divide 129908?
True
Does 6 divide 7986?
True
Is 94 a factor of 2479?
False
Is 4510 a multiple of 55?
True
Is 16 a factor of 3072?
True
Does 17 divide 157?
False
Does 27 divide 19386?
True
Is 253 a multiple of 11?
True
Does 14 divide 420?
True
Does 69 divide 1107?
False
Is 50 a factor of 14744?
False
Is 2005 a multiple of 37?
False
Is 119 a multiple of 2?
False
Does 34 divide 155244?
True
Does 4 divide 639?
False
Is 2976 a multiple of 96?
True
Does 28 divide 280?
True
Is 836 a multiple of 17?
False
Does 23 divide 6651?
False
Is 41895 a multiple of 7?
True
Is 12 a factor of 1288?
False
Is 20 a factor of 71?
False
Is 8722 a multiple of 89?
True
Does 3 divide 2248?
False
Is 79 a factor of 6451?
False
Does 32 divide 8430?
False
Is 16972 a multiple of 25?
False
Does 13 divide 8592?
False
Is 12991 a multiple of 82?
False
Does 69 divide 3657?
True
Is 13 a factor of 2756?
True
Is 10 a factor of 935?
False
Is 768 a multiple of 32?
True
Is 13 a factor of 46587?
False
Is 15456 a multiple of 21?
True
Is 1245 a multiple of 5?
True
Does 57 divide 60?
False
Is 815 a multiple of 15?
False
Is 2052 a multiple of 18?
True
Does 96 divide 13344?
True
Does 76 divide 2204?
True
Is 47288 a multiple of 46?
True
Is 15 a factor of 29?
False
Is 5 a factor of 422?
False
Is 6156 a multiple of 47?
False
Is 182 a factor of 230?
False
Is 540 a multiple of 10?
True
Is 5 a factor of 937?
False
Does 123 divide 1845?
True
Is 46 a factor of 124?
False
Does 27 divide 216?
True
Is 37 a factor of 47029?
False
Is 68 a factor of 81360?
False
Does 25 divide 14097?
False
Is 72 a factor of 3577?
False
Does 113 divide 1878?
False
Is 35 a factor of 1365?
True
Is 25 a factor of 1177?
False
Does 3 divide 834?
True
Does 6